(-20799)/(-81). Suppose 15*x = 5*x + z. What is the tens digit of x?
2
What is the thousands digit of (32379/5)/3 - (-7 - (-1178)/155)?
2
Let g be (-9)/(-9 + 0)*0. Suppose -40 = 2*j - 42, g = -3*w - 4*j + 4030. What is the tens digit of w?
4
Let c(g) be the third derivative of -g**6/12 - g**5/30 + g**4/6 + 2*g**3/3 - 17*g**2. What is the hundreds digit of c(-3)?
2
Suppose -3*b + 3*x + 183 = 0, -3*x + 15 = 2*x. Suppose 116 = 4*g + b. Suppose 2*w - 1050 = -g*w. What is the tens digit of w?
7
Let k be 520/(-91) - 2/7. Let t be 0 + (19 - (2 + k)). Let z = t + 81. What is the tens digit of z?
0
Suppose 75 - 345 = -4*w - q, 3*w + 4*q = 209. Let k = w - -355. Suppose 2*a + 73 = t + 6*a, 0 = 5*t + a - k. What is the units digit of t?
5
Let r(s) = 25*s**2 + 6*s - 8. Let d be r(-4). Let m = -233 + d. What is the tens digit of m?
3
Suppose 127*s = -y + 124*s + 46517, -3*y + 139519 = 5*s. What is the hundreds digit of y?
4
Let s(u) = -76 + 2*u**2 + 143 - 62 + 2*u**2 + 4*u. Let h = -8 - -3. What is the units digit of s(h)?
5
Let y(x) = -102*x - 8. Let q be (2/8)/((1 - 2)/8). What is the units digit of y(q)?
6
Let t = 692 - 688. Let i(q) = 31*q**2 + 3*q - 7. What is the units digit of i(t)?
1
Let q be (-54681)/(-44) - (-2 - (-33)/12). Let u = q + -796. What is the hundreds digit of u?
4
Let n be (4/(-6))/((-13)/(27573/(-14))). Let d = 105 + n. Suppose o - 8 = -3*o, -d*p + 34 = -o. What is the units digit of p?
9
Let j(y) = -59*y + 135. Let b be j(5). What is the units digit of (-2 - 11/11)*b/6?
0
Let d(x) = 156*x - 6. Let q(c) = -c - 1. Let a(k) = 3*d(k) - 12*q(k). What is the hundreds digit of a(1)?
4
Suppose 22*g + 40 = -202. Let r(q) = -11*q**2 + 3 - 2*q**3 - 3*q - 11*q**3 + 12*q**3. What is the units digit of r(g)?
6
Let v be 30/7 - (-10)/(-35). Suppose v*z = 7*z + 2*b - 7, 3*z = -b + 11. Suppose -191 - 144 = -z*y. What is the tens digit of y?
6
Let q(f) = 9*f + 2*f - 3*f - 11 - 4*f. Let w be q(8). Let c = w + 37. What is the units digit of c?
8
Let c be (-2 + (-91)/14)*-1*6. Let y = 344 - c. What is the tens digit of y?
9
What is the hundreds digit of (8/((-48)/(-73)) + -5)*1182?
4
Let c = 432 - 243. Suppose k + c = -241. What is the tens digit of (-57)/38 - k/4?
0
What is the units digit of -10 + 4/(-44)*-421333?
3
Let p(w) be the first derivative of -28*w**2 + 247*w - 48. What is the tens digit of p(-14)?
3
Let n(q) = 348*q**2 + 503*q - 4925. What is the hundreds digit of n(10)?
9
Suppose -42*j - 52 = -38*j. Let u(w) = -3*w**2 - 12*w + 36. Let x be u(j). Let y = x - -499. What is the tens digit of y?
8
Let f(j) = -j**3 - 4*j**2 - 4*j - 6. Let o be f(-7). Let h be 40*(-2)/(-3)*(-618)/(-515). Let i = o + h. What is the hundreds digit of i?
2
Let d(b) = 10*b + 82. Let v be d(-20). What is the hundreds digit of (144/64)/((-1)/2)*v?
5
Suppose -33*g - 24 = -39*g. Suppose -v = 4*d + 74 + 223, -g*v = 5*d + 363. Let n = 163 + d. What is the tens digit of n?
8
Let h be ((-169)/(-26))/((-2)/(-4)). Suppose 0 = -6*x + h*x - 140. Suppose x*a = 24*a - 596. What is the tens digit of a?
4
Let u(o) = 922*o**2 - 98*o - 527. What is the units digit of u(-8)?
5
Suppose 0 = -0*i + i + 3, 4*n + 5*i = -35. Let h be -5 + n + 2 + 98. What is the units digit of h/15*(-164)/(-6)?
4
Let z(y) = -y**2 + 12*y + 8. Let l be (-1 + 4/(-1))*(3 - 5). Let q be z(l). Let n = 23 + q. What is the units digit of n?
1
Suppose -3*g = 4*r - 28895 + 2453, -4*r = -4*g + 35228. What is the units digit of g?
0
Suppose -33*k = -19*k - 140. Suppose 8 = 3*r + 5*y, 2*y = -2*r - 0*y + 8. Suppose r*t = k*t - 120. What is the tens digit of t?
3
Suppose 0 = -4*t + 28381 - 6013. What is the units digit of t?
2
What is the units digit of 69654/14 - ((-75)/105 - -1)?
5
Let c = 4129 - 2393. Let h be (4 - 64)*(4 + (-91)/21). What is the units digit of c/h - 1/(-5)?
7
Suppose r - 11 - 14 = 0. Let t = r - 22. Suppose -t*m + 3*i + 51 = -444, m + 4*i = 155. What is the tens digit of m?
6
Let p(s) = -536*s + 1508. What is the units digit of p(-48)?
6
Let h = -40 - -45. Suppose 0 = 2*p - 3*g - 12, h*g + 20 = 4*p - 9*p. What is the tens digit of (12/9)/(p - (-2)/60)?
4
Let k be (-1)/(-3) + 44/3. Suppose 5*g - 38 = -23. Suppose 0 = g*w - 2*w - k. What is the units digit of w?
5
Suppose 21*x + 388849 - 67585 = 113*x. What is the tens digit of x?
9
Let w(y) be the third derivative of y**4/12 + 56*y**3/3 + 11*y**2. Let b be w(0). Suppose -j = -5*u + 78 + 56, 4*u + 4*j - b = 0. What is the tens digit of u?
2
Suppose -22 = 8*b - 62. Suppose -3*a + g - 576 = -5*a, -b*g = -10. What is the tens digit of a?
8
Suppose 0 = 10*d - 6*d - 73856 + 10148. What is the thousands digit of d?
5
Let g(p) be the third derivative of -2*p**4 - 15*p**3/2 + 168*p**2 + 1. What is the hundreds digit of g(-16)?
7
Let f(k) = 8*k + 1783. Suppose 143*t = 155*t. What is the tens digit of f(t)?
8
What is the ten thousands digit of (-12)/20*(-14622995)/219?
4
Let v = 420 + -279. Suppose 0 = -2*x + 541 + v. What is the hundreds digit of x?
3
Suppose p + 6 = -4*q - 11, -4*q = 16. Let c(x) = -557*x - 4. What is the hundreds digit of c(p)?
5
Suppose 0 = 28*x - 59322 - 177273 - 129505. What is the ten thousands digit of x?
1
Let b(x) = 2*x**2 + 2*x - 5. Let k be b(-3). Suppose 2*d = n + 18, -3*d - 5*n = -17 + 3. Let m = k + d. What is the units digit of m?
5
Let z(q) = q**3 - 3*q**2 + 7*q - 20. Let b be (-12 - (-1 + -3))*(-2)/4. Suppose 2 = f - b. What is the tens digit of z(f)?
3
Let x = 13576 + -9305. What is the hundreds digit of x?
2
Let z = 1038 + 1002. What is the units digit of z?
0
Let r be 2/(4 - (-93)/(-24)). Suppose r*i - 39*i + 11063 = 0. What is the hundreds digit of i?
4
Let k(a) = a**3 - 11*a**2 + 2*a + 34. Let v be k(8). What is the units digit of v/(-6) + 5 + (-14)/3?
4
Suppose -3*a + 6 = -0*a + 3*o, 5*a = -o + 22. Suppose w + 7 = 2*g, 4 = a*w + 9. Suppose -g*s + 218 = -16. What is the units digit of s?
8
Let h be 4 + (86/(-6) - 18/(-54)). What is the tens digit of (1 + 0)/(h/(-1130)) - -1?
1
Let y = 26264 + 19868. What is the thousands digit of y?
6
Let l(y) = 1208*y + 9838. What is the tens digit of l(25)?
3
Suppose -316910 = -18*t + 45676 + 830040. What is the thousands digit of t?
6
Let g = -17729 - -41360. What is the hundreds digit of g?
6
Let h(k) = 15*k - 5. Let o be h(2). What is the hundreds digit of 141/(-45)*-381 - (-5)/o?
1
Let o = -95 + 469. Suppose 2 = -4*w - 810. Let z = o + w. What is the tens digit of z?
7
Suppose 2*n + 315 + 1015 = 0. What is the tens digit of (n/(-14) + -4)*12?
2
Suppose -4*d + 12556 = 3*v + 3553, 3*v = -5*d + 8997. What is the units digit of v?
9
Let r(k) = 10617*k + 3471. What is the thousands digit of r(5)?
6
Let l(x) = -x**2 - x - 436. Let p be l(0). Suppose n = -r - 259, -2*n = 36*r - 40*r + 506. Let q = n - p. What is the hundreds digit of q?
1
Suppose 85*w - 47*w + 155750 = 48*w. What is the units digit of w?
5
Let p(d) = d**3 + 9*d**2 + 10*d + 28. Let f be 4/(-18) + (-14)/(-63). Suppose w - 4*v = 9 - 1, 5*w + v + 44 = f. What is the tens digit of p(w)?
1
Let x = 4100 + -2814. Let n = -918 + x. Suppose -n = 12*q - 14*q. What is the hundreds digit of q?
1
Let p(m) = -437*m - 4. Let u be p(-2). Let s = -394 + u. Suppose -a - s = -8*a. What is the units digit of a?
8
Let i(y) = -34*y - 29 + 29*y + 14*y. Suppose -3*p - p = -52. What is the units digit of i(p)?
8
Suppose 29*g + 4*c = 30*g - 12898, -25771 = -2*g + 3*c. What is the hundreds digit of g?
8
Suppose 5*w + 3488 + 4183 = 2*b, 3*w = 2*b - 7673. Suppose -3*h - 5*f + b - 674 = 0, 0 = -h - 3*f + 1052. What is the units digit of (-2)/6 + (-1)/((-6)/h)?
6
What is the tens digit of (-1137132)/(-34) + 113/(-1921)?
4
Let o = 7705 + -5705. What is the tens digit of o?
0
Suppose -1658 = -6*i - 80. Let j = 813 - i. What is the units digit of j?
0
Let l(z) be the third derivative of z**5/60 + 5*z**4/8 + 1433*z**3/6 + 19*z**2 - 2. What is the tens digit of l(0)?
3
Let i = -1578 - -1764. Suppose 0 = 2*f - 4*f + 4*z - 190, 0 = -4*z. Let h = f + i. What is the units digit of h?
1
Let g = 137 - 205. What is the tens digit of ((-34)/8)/(1/g)?
8
Suppose 281 = 5*m - 179. Suppose -m*g + 94*g = 432. What is the hundreds digit of g?
2
Suppose 129*i - 2504012 = -19*i. What is the hundreds digit of i?
9
Suppose 5*c - 5*p = -40, 0 = -0*p + 2*p - 10. Let t be 0/3 - -